{"id":2427,"date":"2018-11-20T10:33:49","date_gmt":"2018-11-20T09:33:49","guid":{"rendered":"http:\/\/apartment-brno.cz\/appartements\/apartmany-mecova\/"},"modified":"2019-03-19T10:29:08","modified_gmt":"2019-03-19T09:29:08","slug":"appartements-mecova","status":"publish","type":"page","link":"https:\/\/apartment-brno.cz\/fr\/appartements\/appartements-mecova\/","title":{"rendered":"Appartements Me\u010dov\u00e1"},"content":{"rendered":"<p><strong>Apartm\u00e1ny Me\u010dov\u00e1<\/strong> se nach\u00e1zej\u00ed v centru m\u011bsta <strong>Brna<\/strong> a z\u00e1rove\u0148 v jej\u00ed historick\u00e9 \u010d\u00e1sti. Budova byla postavena jako jedna z prvn\u00edch obytn\u00fdch dom\u016f na za\u010d\u00e1tku 13. stolet\u00ed a je vyhl\u00e1\u0161ena M\u011bstskou pam\u00e1tkovou rezervac\u00ed. Nach\u00e1z\u00ed se 400 metr\u016f od katedr\u00e1ly svat\u00e9ho Petra a Pavla a 50 metr\u016f od <strong>Star\u00e9 radnice, <\/strong>\u010di <strong>Zeln\u00e9ho trhu<\/strong>. Kolorit t\u00e9to historick\u00e9 m\u011bstsk\u00e9 \u010d\u00e1sti utv\u00e1\u0159\u00ed mno\u017estv\u00ed modern\u00edch kav\u00e1ren a restaurac\u00ed. V bezprost\u0159edn\u00ed bl\u00edzkosti <strong>Apartm\u00e1n\u016f Me\u010dov\u00e1<\/strong> ocen\u00edte mo\u017enost n\u00e1v\u0161t\u011bvy hned n\u011bkolika divadel, nap\u0159. <strong>Divadlo Husa na Prov\u00e1zku<\/strong>, nebo <strong>Divadlo Reduta<\/strong>. Ulice <strong>Me\u010dov\u00e1<\/strong>, ohrani\u010duje spolu s ulicemi Starobrn\u011bnskou a Dominik\u00e1nskou blok dom\u016f zn\u00e1m\u00fd jako <strong>Velk\u00fd \u0160pal\u00ed\u010dek.<\/strong><\/p>\n","protected":false},"excerpt":{"rendered":"<p>Apartm\u00e1ny Me\u010dov\u00e1 se nach\u00e1zej\u00ed v centru m\u011bsta Brna a z\u00e1rove\u0148 v jej\u00ed historick\u00e9 \u010d\u00e1sti. Budova byla postavena jako jedna z prvn\u00edch obytn\u00fdch dom\u016f na za\u010d\u00e1tku 13. stolet\u00ed a je vyhl\u00e1\u0161ena M\u011bstskou pam\u00e1tkovou rezervac\u00ed. Nach\u00e1z\u00ed se 400 metr\u016f od katedr\u00e1ly svat\u00e9ho Petra a Pavla a 50 metr\u016f od Star\u00e9 radnice, \u010di Zeln\u00e9ho trhu. Kolorit t\u00e9to historick\u00e9&#8230;<\/p>\n","protected":false},"author":5,"featured_media":1463,"parent":2397,"menu_order":2,"comment_status":"closed","ping_status":"closed","template":"template-apartmans.php","meta":[],"_links":{"self":[{"href":"https:\/\/apartment-brno.cz\/fr\/wp-json\/wp\/v2\/pages\/2427\/"}],"collection":[{"href":"https:\/\/apartment-brno.cz\/fr\/wp-json\/wp\/v2\/pages\/"}],"about":[{"href":"https:\/\/apartment-brno.cz\/fr\/wp-json\/wp\/v2\/types\/page\/"}],"author":[{"embeddable":true,"href":"https:\/\/apartment-brno.cz\/fr\/wp-json\/wp\/v2\/users\/5\/"}],"replies":[{"embeddable":true,"href":"https:\/\/apartment-brno.cz\/fr\/wp-json\/wp\/v2\/comments\/?post=2427"}],"version-history":[{"count":1,"href":"https:\/\/apartment-brno.cz\/fr\/wp-json\/wp\/v2\/pages\/2427\/revisions\/"}],"predecessor-version":[{"id":2428,"href":"https:\/\/apartment-brno.cz\/fr\/wp-json\/wp\/v2\/pages\/2427\/revisions\/2428\/"}],"up":[{"embeddable":true,"href":"https:\/\/apartment-brno.cz\/fr\/wp-json\/wp\/v2\/pages\/2397\/"}],"wp:featuredmedia":[{"embeddable":true,"href":"https:\/\/apartment-brno.cz\/fr\/wp-json\/wp\/v2\/media\/1463\/"}],"wp:attachment":[{"href":"https:\/\/apartment-brno.cz\/fr\/wp-json\/wp\/v2\/media\/?parent=2427"}],"curies":[{"name":"wp","href":"https:\/\/api.w.org\/{rel}","templated":true}]}}

Appartements Mečová

<p><strong>Apartmány Mečová</strong> se nacházejí v centru města <strong>Brna</strong> a zároveň v její historické části. Budova byla postavena jako jedna z prvních obytných domů na začátku 13. století a je vyhlášena Městskou památkovou rezervací. Nachází se 400 metrů od katedrály svatého Petra a Pavla a 50 metrů od <strong>Staré radnice, </strong>či <strong>Zelného trhu</strong>. Kolorit této historické městské části utváří množství moderních kaváren a restaurací. V bezprostřední blízkosti <strong>Apartmánů Mečová</strong> oceníte možnost návštěvy hned několika divadel, např. <strong>Divadlo Husa na Provázku</strong>, nebo <strong>Divadlo Reduta</strong>. Ulice <strong>Mečová</strong>, ohraničuje spolu s ulicemi Starobrněnskou a Dominikánskou blok domů známý jako <strong>Velký Špalíček.</strong></p>

<p>Apartmány Mečová se nacházejí v centru města Brna a zároveň v její historické části. Budova byla postavena jako jedna z prvních obytných domů na začátku 13. století a je vyhlášena Městskou památkovou rezervací. Nachází se 400 metrů od katedrály svatého Petra a Pavla a 50 metrů od Staré radnice, či Zelného trhu. Kolorit této historické&#8230;</p>
